{"id":94,"date":"2025-07-27T05:03:27","date_gmt":"2025-07-26T20:03:27","guid":{"rendered":"https:\/\/mathae.jp\/blog\/?page_id=94"},"modified":"2025-09-25T17:46:06","modified_gmt":"2025-09-25T08:46:06","slug":"%e3%83%97%e3%83%a9%e3%82%a4%e3%83%90%e3%82%b7%e3%83%bc%e3%83%9d%e3%83%aa%e3%82%b7%e3%83%bc","status":"publish","type":"page","link":"https:\/\/mathae.jp\/blog\/de\/%e3%83%97%e3%83%a9%e3%82%a4%e3%83%90%e3%82%b7%e3%83%bc%e3%83%9d%e3%83%aa%e3%82%b7%e3%83%bc\/","title":{"rendered":"Datenschutzerkl\u00e4rung"},"content":{"rendered":"\n<p>Bei der Abgabe von Kommentaren auf diesem Blog werden Name und E-Mail-Adresse erfasst. Diese Daten werden ausschlie\u00dflich f\u00fcr die Verwaltung und gegebenenfalls f\u00fcr eine Antwort verwendet und nicht an Dritte weitergegeben. Kommentare, die beleidigend, diskriminierend oder aus anderen Gr\u00fcnden unangebracht sind, k\u00f6nnen ohne vorherige Benachrichtigung gel\u00f6scht werden.<\/p>\n\n\n\n<p>Die Inhalte dieses Blogs werden mit gr\u00f6\u00dfter Sorgfalt erstellt. Dennoch k\u00f6nnen wir keine Gew\u00e4hr f\u00fcr die Richtigkeit, Vollst\u00e4ndigkeit und Aktualit\u00e4t der bereitgestellten Informationen \u00fcbernehmen. Jegliche Haftung f\u00fcr Sch\u00e4den, die aus der Nutzung der Inhalte entstehen, ist ausgeschlossen.<\/p>\n\n\n\n<p>Die Urheberrechte an Texten, Bildern und sonstigen Inhalten dieses Blogs liegen beim Betreiber. Eine Vervielf\u00e4ltigung oder Verwendung ohne ausdr\u00fcckliche Genehmigung ist nicht gestattet.<\/p>\n\n\n\n<p>Diese Datenschutzerkl\u00e4rung kann bei Bedarf jederzeit ge\u00e4ndert oder aktualisiert werden.<\/p>\n","protected":false},"excerpt":{"rendered":"<p>Bei der Abgabe von Kommentaren auf diesem Blog werden Name und E-Mail-Adresse erfasst. Diese Daten werden auss [&hellip;]<\/p>\n","protected":false},"author":1,"featured_media":0,"parent":0,"menu_order":0,"comment_status":"closed","ping_status":"open","template":"","meta":{"swell_btn_cv_data":"","footnotes":""},"class_list":["post-94","page","type-page","status-publish","hentry"],"_links":{"self":[{"href":"https:\/\/mathae.jp\/blog\/wp-json\/wp\/v2\/pages\/94","targetHints":{"allow":["GET"]}}],"collection":[{"href":"https:\/\/mathae.jp\/blog\/wp-json\/wp\/v2\/pages"}],"about":[{"href":"https:\/\/mathae.jp\/blog\/wp-json\/wp\/v2\/types\/page"}],"author":[{"embeddable":true,"href":"https:\/\/mathae.jp\/blog\/wp-json\/wp\/v2\/users\/1"}],"replies":[{"embeddable":true,"href":"https:\/\/mathae.jp\/blog\/wp-json\/wp\/v2\/comments?post=94"}],"version-history":[{"count":3,"href":"https:\/\/mathae.jp\/blog\/wp-json\/wp\/v2\/pages\/94\/revisions"}],"predecessor-version":[{"id":276,"href":"https:\/\/mathae.jp\/blog\/wp-json\/wp\/v2\/pages\/94\/revisions\/276"}],"wp:attachment":[{"href":"https:\/\/mathae.jp\/blog\/wp-json\/wp\/v2\/media?parent=94"}],"curies":[{"name":"wp","href":"https:\/\/api.w.org\/{rel}","templated":true}]}}