{"id":120,"date":"2025-08-02T02:26:40","date_gmt":"2025-08-01T17:26:40","guid":{"rendered":"https:\/\/mathae.jp\/blog\/?page_id=120"},"modified":"2026-01-29T22:20:04","modified_gmt":"2026-01-29T13:20:04","slug":"ueber-elisa","status":"publish","type":"page","link":"https:\/\/mathae.jp\/blog\/de\/ueber-elisa\/","title":{"rendered":"\u00dcber Elisa"},"content":{"rendered":"\n<figure class=\"wp-block-image size-full is-resized\"><img decoding=\"async\" width=\"500\" height=\"479\" src=\"https:\/\/mathae.jp\/blog\/wp-content\/uploads\/2025\/10\/Elisabeth-e1759495166309.jpg\" alt=\"\" class=\"wp-image-778\" style=\"width:206px;height:auto\"\/><\/figure>\n\n\n\n<p>Hallo! Ich bin Elisa.<\/p>\n\n\n\n<p>Ich bin derzeit als Phytotherapeutin t\u00e4tig und teile mein Wissen und meine Erfahrungen auf diesem Gebiet. Au\u00dferdem unterst\u00fctze ich Japaner in Wien als Deutschlehrerin.<\/p>\n\n\n\n<p>Der Weg bis hierher war\u2026<\/p>\n\n\n\n<p>Unsere Mutter ist Pianistin, und ich begann ungef\u00e4hr im Alter von drei Jahren, selbst Klavier zu spielen. Anfangs ging es mir weniger darum, das Klavierspielen ernsthaft zu lernen, sondern ich genoss es einfach, mit der Musik in Ber\u00fchrung zu kommen und zu spielen. Ich erinnere mich, dass ich einfach nur Kl\u00e4nge erzeugt habe, ohne mir Gedanken dar\u00fcber zu machen.<\/p>\n\n\n\n<p>Als ich ungef\u00e4hr zehn Jahre alt war, fing ich durch eine Empfehlung meiner Mutter an, Musik richtig ernsthaft zu lernen. Mit dem Start auf die Mittelschule wurde die Schule immer anspruchsvoller, und oft f\u00fchlten sich Seele und K\u00f6rper aus dem Gleichgewicht. Trotzdem spielte ich leidenschaftlich weiter Klavier und schaffte es schlie\u00dflich, an der Musikuniversit\u00e4t in Wien aufgenommen zu werden. Doch ab da begannen sich viele Dinge zu ver\u00e4ndern.<\/p>\n\n\n\n<p>Anfang des Jahres, in dem ich eigentlich meinen Abschluss an der Universit\u00e4t machen wollte, entschied ich mich aus heiterem Himmel, die Cortison-Salbe, die ich lange verwendet hatte, abzusetzen. Wie ich \u00fcberhaupt dazu kam, diese Salbe zu benutzen, werde ich in meinem Blog noch n\u00e4her erl\u00e4utern, aber die Entzugserscheinungen, die darauf folgten, waren viel heftiger als ich erwartet hatte.<br>Doch da ich nicht zur\u00fcck zu den Salben wollte, habe ich alles darangesetzt, mein Immunsystem zu st\u00e4rken und jeden Tag daran gearbeitet, meine nat\u00fcrliche Heilungskraft ohne Medikamente zu f\u00f6rdern. Nach und nach konnte ich eine Verbesserung sehen und erleben.<\/p>\n\n\n\n<p>Dieses Ereignis war der Ausl\u00f6ser daf\u00fcr, dass ich nach meinem Uniabschluss begann, mich intensiver damit zu besch\u00e4ftigen, wie man die Gesundheit von K\u00f6rper und Geist erhalten kann \u2013 ein Thema, das mich von Anfang an interessiert hatte. Dabei bin ich auf die Phytotherapie gesto\u00dfen.<\/p>\n\n\n\n<p>Im Deutschen wird es als Pflanzenheilkunde bezeichnet, und f\u00fcr mich, die ich von klein auf in der Natur aufgewachsen bin, war es eine schicksalhafte Begegnung. Ich habe den Wunsch entwickelt, diese Arbeit zu meinem Lebenswerk zu machen.<\/p>\n\n\n\n<figure class=\"wp-block-image size-large is-resized\"><img decoding=\"async\" width=\"1024\" height=\"684\" src=\"https:\/\/mathae.jp\/blog\/wp-content\/uploads\/2025\/07\/DSC_00042-1024x684.png\" alt=\"\" class=\"wp-image-117\" style=\"width:427px;height:auto\" srcset=\"https:\/\/mathae.jp\/blog\/wp-content\/uploads\/2025\/07\/DSC_00042-1024x684.png 1024w, https:\/\/mathae.jp\/blog\/wp-content\/uploads\/2025\/07\/DSC_00042-300x200.png 300w, https:\/\/mathae.jp\/blog\/wp-content\/uploads\/2025\/07\/DSC_00042-768x513.png 768w, https:\/\/mathae.jp\/blog\/wp-content\/uploads\/2025\/07\/DSC_00042.png 1390w\" sizes=\"(max-width: 1024px) 100vw, 1024px\" \/><\/figure>\n\n\n\n<p>Ein Konzept, das ich schon immer verfolge, ist: In der Natur steckt immer ein Hinweis.<br>Denn auch der Ursprung von uns Menschen liegt in der Natur.<br>Egal wie sehr sich die Zeiten wissenschaftlich oder chemisch weiterentwickeln \u2013 ich glaube, dass es eine M\u00f6glichkeit ist, die Gesundheit von K\u00f6rper und Geist zu erhalten, wenn wir in dem, was wir essen, tragen und wie wir leben, so viel urspr\u00fcngliche Natur wie m\u00f6glich integrieren.<\/p>\n\n\n\n<p>In unserem Blog, den meine Schwester Karin und ich abwechselnd schreiben, teilen wir unsere Erfahrungen \u2013 wie den Ausstieg aus Steroiden, Kinderwunsch, naturheilkundliche Pflege \u2013 sowie unsere Gedanken und Eindr\u00fccke aus dem Alltag. Unsere Themen sind vielf\u00e4ltig und bunt!<br>So wie wir selbst durch das Lesen anderer Blogs Unterst\u00fctzung erfahren haben, hoffen wir, durch das Schreiben mit anderen Gedanken auszutauschen, Informationen zu teilen und vielleicht sogar hilfreich zu sein.<br>Wir freuen uns, wenn ihr unseren Blog weiterhin verfolgt!<\/p>\n","protected":false},"excerpt":{"rendered":"<p>Hallo! Ich bin Elisa. Ich bin derzeit als Phytotherapeutin t\u00e4tig und teile mein Wissen und meine Erfahrungen a [&hellip;]<\/p>\n","protected":false},"author":1,"featured_media":0,"parent":0,"menu_order":0,"comment_status":"closed","ping_status":"closed","template":"","meta":{"swell_btn_cv_data":"","footnotes":""},"class_list":["post-120","page","type-page","status-publish","hentry"],"_links":{"self":[{"href":"https:\/\/mathae.jp\/blog\/wp-json\/wp\/v2\/pages\/120","targetHints":{"allow":["GET"]}}],"collection":[{"href":"https:\/\/mathae.jp\/blog\/wp-json\/wp\/v2\/pages"}],"about":[{"href":"https:\/\/mathae.jp\/blog\/wp-json\/wp\/v2\/types\/page"}],"author":[{"embeddable":true,"href":"https:\/\/mathae.jp\/blog\/wp-json\/wp\/v2\/users\/1"}],"replies":[{"embeddable":true,"href":"https:\/\/mathae.jp\/blog\/wp-json\/wp\/v2\/comments?post=120"}],"version-history":[{"count":6,"href":"https:\/\/mathae.jp\/blog\/wp-json\/wp\/v2\/pages\/120\/revisions"}],"predecessor-version":[{"id":3087,"href":"https:\/\/mathae.jp\/blog\/wp-json\/wp\/v2\/pages\/120\/revisions\/3087"}],"wp:attachment":[{"href":"https:\/\/mathae.jp\/blog\/wp-json\/wp\/v2\/media?parent=120"}],"curies":[{"name":"wp","href":"https:\/\/api.w.org\/{rel}","templated":true}]}}